the tens digit of 77038489?
8
What is the hundred thousands digit of 1410170809?
1
What is the units digit of 72528433?
3
What is the ten millions digit of 37902711?
3
What is the ten thousands digit of 119573656?
7
What is the millions digit of 452816624?
2
What is the tens digit of 1894315803?
0
What is the hundreds digit of 262147798?
7
What is the hundred millions digit of 549798905?
5
What is the ten thousands digit of 2599980083?
8
What is the ten millions digit of 899880054?
9
What is the hundreds digit of 1026322955?
9
What is the units digit of 437284389?
9
What is the hundreds digit of 4285895510?
5
What is the hundred thousands digit of 658436694?
4
What is the thousands digit of 288004566?
4
What is the hundred millions digit of 145063696?
1
What is the thousands digit of 234064336?
4
What is the hundred thousands digit of 41794301?
7
What is the ten millions digit of 55986096?
5
What is the ten millions digit of 562195650?
6
What is the millions digit of 266989434?
6
What is the hundreds digit of 2593022?
0
What is the ten thousands digit of 72985645?
8
What is the hundreds digit of 3135533579?
5
What is the hundreds digit of 33812836?
8
What is the hundred thousands digit of 1810197405?
1
What is the hundred thousands digit of 4414339750?
3
What is the billions digit of 1015346718?
1
What is the hundred thousands digit of 43597540?
5
What is the thousands digit of 47800295?
0
What is the units digit of 799059835?
5
What is the thousands digit of 34280005?
0
What is the millions digit of 1991093527?
1
What is the hundreds digit of 126670510?
5
What is the ten thousands digit of 801570688?
7
What is the hundred thousands digit of 3062721291?
7
What is the hundred thousands digit of 2926289047?
2
What is the ten thousands digit of 4917158?
1
What is the units digit of 611605722?
2
What is the hundreds digit of 84142355?
3
What is the tens digit of 86051088?
8
What is the ten thousands digit of 989628919?
2
What is the units digit of 95359540?
0
What is the millions digit of 68369896?
8
What is the hundreds digit of 78421217?
2
What is the ten thousands digit of 112242211?
4
What is the ten millions digit of 704356600?
0
What is the ten thousands digit of 4369854950?
5
What is the hundred millions digit of 593476162?
5
What is the hundred thousands digit of 788197421?
1
What is the ten millions digit of 615202365?
1
What is the tens digit of 2493434951?
5
What is the millions digit of 696233147?
6
What is the thousands digit of 22447524?
7
What is the ten thousands digit of 43722267?
2
What is the ten thousands digit of 189337859?
3
What is the tens digit of 1503818977?
7
What is the hundreds digit of 1144961068?
0
What is the ten thousands digit of 1048981570?
8
What is the tens digit of 193614675?
7
What is the thousands digit of 76713582?
3
What is the ten thousands digit of 196340677?
4
What is the ten thousands digit of 54929772?
2
What is the ten millions digit of 56813461?
5
What is the units digit of 3027957827?
7
What is the hundred millions digit of 4224433149?
2
What is the thousands digit of 3722231480?
1
What is the ten thousands digit of 788281755?
8
What is the hundreds digit of 3973475165?
1
What is the ten millions digit of 1889725728?
8
What is the thousands digit of 47402382?
2
What is the ten millions digit of 76530300?
7
What is the millions digit of 1162357264?
2
What is the tens digit of 4929006914?
1
What is the hundred millions digit of 503776178?
5
What is the units digit of 851854778?
8
What is the ten millions digit of 45979873?
4
What is the hundreds digit of 97455408?
4
What is the ten thousands digit of 7403088430?
8
What is the tens digit of 80895787?
8
What is the hundred thousands digit of 2185341857?
3
What is the hundreds digit of 97040579?
5
What is the thousands digit of 45981562?
1
What is the millions digit of 174163647?
4
What is the ten thousands digit of 544777379?
7
What is the ten thousands digit of 185484054?
8
What is the ten thousands digit of 269517240?
1
What is the thousands digit of 45277885?
7
What is the millions digit of 13887674?
3
What is the hundred thousands digit of 5564419?
5
What is the hundreds digit of 478066591?
5
What is the tens digit of 34709996?
9
What is the ten thousands digit of 1702167986?
6
What is the billions digit of 4290187141?
4
What is the hundred thousands digit of 97767155?
7
What is the billions digit of 1229189352?
1
What is the units digit of 1084365794?
4
What is the hundreds digit of 156530448?
4
What is the hundred thousands digit of 886029158?
0
What is the ten millions digit of 526637035?
2
What is the millions digit of 230262431?
0
What is the units digit of 427533574?
4
What is the ten thousands digit of 18104830?
0
What is the ten thousands digit of 5116128078?
2
What is the hundred millions digit of 3597778862?
5
What is the hundred thousands digit of 26357232?
3
What is the tens digit of 749106418?
1
What is the hundred thousands digit of 1197857391?
8
What is the thousands digit of 501814017?
4
What is the tens digit of 4461291264?
6
What is the units digit of 6427358?
8
What is the ten millions digit of 78888555?
7
What is the millions digit of 3031794395?
1
What is the hundreds digit of 4561876611?
6
What is the tens digit of 758341413?
1
What is the ten millions digit of 1101157007?
0
What is the ten thousands digit of 40034566?
3
What is the hundreds digit of 34439212?
2
What is the tens digit of 54999089?
8
What is the millions digit of 101340123?
1
What is the ten millions digit of 7939898206?
3
What is the units digit of 214729248?
8
What is the tens digit of 11485274?
7
What is the ten thousands digit of 9874485?
7
What is the hundreds digit of 73503324?
3
What is the hundreds digit of 196865626?
6
What is the ten thousands digit of 23873513?
7
What is the units digit of 701020987?
7
What is the ten millions digit of 51422180?
5
What is the hundreds digit of 2242184871?
8
What is the hundreds digit of 469056559?
5
What is the millions digit of 14068093?
4
What is the ten thousands digit of 37371032?
7
What is the ten millions digit of 1414425347?
1
What is the hundred thousands digit of 776619189?
6
What is the tens digit of 5690018160?
6
What is the hundred thousands digit of 56863313?
8
What is the thousands digit of 23330842?
0
What is the ten thousands digit of 24802748?
0
What is the tens digit of 28234174?
7
What is the tens digit of 600827620?
2
What is the thousands digit of 3523918003?
8
What is the hundreds digit of 291151416?
4
What is the thousands digit of 18495202?
5
What is the ten thousands digit of 2761882583?
8
What is the thousands digit of 22290259?
0
What is the thousands digit of 1188525392?
5
What is the millions digit of 5755513647?
5
What is the tens digit of 49966681?
8
What is the tens digit of 62490660?
6
What is the ten thousands digit of 2817241099?
4
What is the ten millions digit of 25584432?
2
What is the ten thousands digit of 337676807?
7
What is the hundreds digit of 12099827?
8
What is the hundreds digit of 79590233?
2
What is the ten millions digit of 95075884?
9
What is the thousands digit of 521987331?
7
What is the thousands digit of 157131577?
1
What is the millions digit of 4160790323?
0
What is the thousands digit of 5245606686?
6
What is the units digit of 347375330?
0
What is the hundreds digit of 30755570?
5
What is the units digit of 251305339?
9
What is the millions digit of 8337033184?
7
What is the ten thousands digit of 165064457?
6
What is the hundred millions digit of 244720803?
2
What is the millions digit of 352531272?
2
What is the ten thousands digit of 121369795?
6
What is the ten thousands digit of 10961842?
6
What is the hundreds digit of 215878713?
7
What is the millions digit of 1889024985?
9
What is the units digit of 53185973?
3
What is the millions digit of 912539586?
2
What is the millions digit of 95139669?
5
What is the tens digit of 58791747?
4
What is the millions digit of 219542623?
9
What is the thousands digit of 4695696372?
6
What is the hundreds digit of 199188172?
1
What is the units digit of 822026471?
1
What is the ten millions digit of 370475099?
7
What is the units digit of 93360274?
4
What is the tens digit of 70920576?
7
What is the ten thousand